) to base 16
-2
Convert 2 (base 3) to base 12.
2
What is 31 (base 9) in base 14?
20
Convert 0 (base 4) to base 9.
0
What is 13 (base 6) in base 7?
12
Convert 3 (base 13) to base 3.
10
Convert -4 (base 16) to base 8.
-4
What is 139 (base 12) in base 9?
230
-11 (base 5) to base 4
-12
What is -11 (base 3) in base 6?
-4
What is 0 (base 13) in base 6?
0
What is 7 (base 11) in base 12?
7
-76 (base 13) to base 8
-141
What is -626 (base 7) in base 8?
-472
Convert 0 (base 5) to base 2.
0
-100010 (base 2) to base 10
-34
Convert -1 (base 6) to base 4.
-1
What is 11 (base 6) in base 16?
7
What is 2 (base 3) in base 10?
2
What is 10100101 (base 2) in base 7?
324
Convert -11 (base 5) to base 4.
-12
-241 (base 5) to base 2
-1000111
What is -22 (base 6) in base 5?
-24
-4 (base 10) to base 12
-4
What is -1111010 (base 2) in base 11?
-101
23 (base 10) to base 4
113
Convert c (base 16) to base 3.
110
What is 3 (base 8) in base 16?
3
-3 (base 13) to base 4
-3
1 (base 10) to base 9
1
-2 (base 11) to base 2
-10
What is -6 (base 13) in base 7?
-6
What is -2 (base 11) in base 8?
-2
What is 1e (base 15) in base 12?
25
-1 (base 13) to base 14
-1
-18 (base 10) to base 3
-200
Convert -11112 (base 3) to base 10.
-122
1012 (base 3) to base 9
35
-1333 (base 4) to base 14
-91
1022 (base 3) to base 8
43
What is -51 (base 7) in base 2?
-100100
Convert 20 (base 12) to base 9.
26
Convert 111 (base 2) to base 16.
7
Convert 0 (base 2) to base 10.
0
What is 18 (base 12) in base 4?
110
Convert -7 (base 15) to base 5.
-12
1211 (base 4) to base 3
10202
What is 15 (base 6) in base 15?
b
Convert -166 (base 11) to base 9.
-234
What is -202 (base 3) in base 2?
-10100
21 (base 13) to base 5
102
Convert -2 (base 7) to base 12.
-2
Convert a8 (base 15) to base 3.
12212
-1 (base 13) to base 3
-1
-22 (base 7) to base 8
-20
What is 6 (base 10) in base 16?
6
Convert 9 (base 14) to base 8.
11
Convert 45 (base 8) to base 11.
34
Convert -100 (base 3) to base 14.
-9
Convert 10b (base 15) to base 3.
22202
Convert -13 (base 13) to base 4.
-100
What is -35 (base 6) in base 14?
-19
What is 6 (base 16) in base 13?
6
What is 114 (base 12) in base 8?
240
What is -5 (base 12) in base 9?
-5
-12 (base 4) to base 3
-20
What is 10000 (base 3) in base 7?
144
What is -9 (base 15) in base 4?
-21
-59 (base 15) to base 7
-150
Convert 1042 (base 6) to base 7.
464
5 (base 14) to base 3
12
-3 (base 12) to base 16
-3
Convert 137 (base 10) to base 7.
254
Convert 66 (base 14) to base 15.
60
-7 (base 16) to base 10
-7
1101101 (base 2) to base 7
214
21210 (base 3) to base 11
181
0 (base 9) to base 16
0
What is 24 (base 5) in base 2?
1110
Convert -6 (base 12) to base 15.
-6
-32 (base 11) to base 2
-100011
What is 171 (base 11) in base 12?
147
Convert 112 (base 3) to base 11.
13
Convert 20 (base 10) to base 16.
14
301 (base 5) to base 7
136
Convert -89 (base 14) to base 2.
-1111001
Convert 0 (base 3) to base 11.
0
Convert -30 (base 4) to base 12.
-10
What is 21 (base 5) in base 2?
1011
Convert 120 (base 9) to base 16.
63
What is 6 (base 10) in base 12?
6
What is 5 (base 10) in base 15?
5
Convert -110100110 (base 2) to base 9.
-518
What is 31 (base 4) in base 7?
16
What is -41 (base 14) in base 10?
-57
What is 2 (base 4) in base 2?
10
What is 55 (base 13) in base 15?
4a
Convert -1d (base 14) to base 13.
-21
25 (base 11) to base 7
36
What is 1 (base 14) in base 5?
1
1 (base 12) to base 7
1
-3 (base 14) to base 4
-3
What is 1111 (base 3) in base 4?
220
5 (base 13) to base 15
5
Convert -15 (base 8) to base 12.
-11
Convert 1 (base 12) to base 4.
1
What is 6 (base 8) in base 3?
20
What is 0 (base 15) in base 10?
0
Convert -44 (base 5) to base 2.
-11000
Convert 260 (base 7) to base 4.
2030
21 (base 3) to base 9
7
What is -13 (base 12) in base 2?
-1111
a (base 16) to base 8
12
Convert -3 (base 8) to base 15.
-3
Convert 162 (base 9) to base 3.
12002
Convert 100 (base 2) to base 3.
11
What is 6 (base 13) in base 10?
6
3000 (base 4) to base 16
c0
-7 (base 11) to base 5
-12
-5 (base 9) to base 16
-5
What is 1 (base 11) in base 14?
1
What is 3 (base 6) in base 11?
3
Convert -11 (base 2) to base 8.
-3
-12010 (base 3) to base 12
-b6
1 (base 6) to base 14
1
What is -13 (base 8) in base 13?
-b
Convert -5 (base 8) to base 2.
-101
-57 (base 15) to base 10
-82
What is -2a (base 14) in base 11?
-35
141 (base 13) to base 10
222
What is 6 (base 8) in base 16?
6
What is -3 (base 10) in base 6?
-3
7 (base 11) to base 5
12
Convert -3 (base 4) to base 6.
-3
Convert -38 (base 10) to base 7.
-53
-6 (base 16) to base 14
-6
What is 9 (base 14) in base 16?
9
What is 3 (base 15) in base 9?
3
What is -6 (base 11) in base 10?
-6
-62 (base 13) to base 15
-55
1101011 (base 2) to base 4
1223
-14 (base 9) to base 6
-21
Convert 10 (base 2) to base 12.
2
Convert -1 (base 12) to base 15.
-1
What is -10 (base 3) in base 12?
-3
What is 8 (base 15) in base 16?
8
23 (base 9) to base 14
17
1143 (base 5) to base 11
148
What is -1110101 (base 2) in base 15?
-7c
Convert 5 (base 16) to base 12.
5
-3 (base 5) to base 7
-3
-1 (base 9) to base 6
-1
Convert -9b (base 14) to base 12.
-b5
What is -102 (base 3) in base 12?
-b
Convert -1030 (base 6) to base 15.
-109
Convert -41 (base 6) to base 5.
-100
1 (base 8) to base 11
1
What is -1 (base 13) in base 10?
-1
Convert 41 (base 13) to base 8.
65
de (base 16) to base 13
141
What is 30 (base 7) in base 2?
10101
What is -75 (base 11) in base 7?
-145
Convert 301 (base 4) to base 9.
54
Convert -2 (base 6) to base 8.
-2
Convert 2 (base 13) to base 9.
2
-42 (base 6) to base 7
-35
What is 1 (base 4) in base 5?
1
Convert -3 (base 13) to base 10.
-3
-1020 (base 5) to base 9
-160
-160 (base 8) to base 6
-304
What is 101000 (base 2) in base 16?
28
What is -2 (base 15) in base 7?
-2
13 (base 4) to base 8
7
-100 (base 3) to base 8
-11
What is -18 (base 14) in base 3?
-211
Convert 402 (base 6) to base 4.
2102
0 (base 8) to base 10
0
59 (base 16) to base 2
1011001
Convert -25 (base 14) to base 16.
-21
-1221 (base 5) to base 8
-272
What is 2 (base 8) in base 16?
2
Convert 16 (base 16) to base 4.
112
4 (base 14) to base 4
10
6 (base 13) to base 5
11
11 (base 15) to base 4
100
0 (base 5) to base 16
0
Convert -2 (base 10) to base 11.
-2
Convert 1031 (base 5) to base 11.
119
What is 2 (base 12) in base 15?
2
Convert 2 (base 14) to base 2.
10
Convert -71 (base 15) to base 6.
-254
Convert 0 (base 8) to base 4.
0
What is -1 (base 5) in base 4?
-1
202 (base 9) to base 2
10100100
-83 (base 12) to base 7
-201
-11 (base 12) to base 7
-16
Convert 102 (base 3) to base 14.
b
-2 (base 13) to base 7
-2
Convert 27 (base 11) to base 4.
131
Convert 210 (base 4) to base 12.
30
88 (base 12) to base 9
125
Convert -3 (base 14) to base 12.
-3
-27 (base 13) to base 5
-113
What is 31 (base 12) in base 8?
45
What is 23 (base 13) in base 12?
25
Convert -1 (base 6) to base 14.
-1
69 (base 16) to base 5
410
-5 (base 15) to base 16
-5
What is 5 (base 16) in base 13?
5
What is 1 (base 14) in base 4?
1
What is 26 (base 7) in base 3?
202
2 (base 7) to base 16
2
What is -1d (base 16) in base 15?
-1e
What is 102 (base 3) in base 11?
10
-3120 (base 4) to base 7
-426
What is 2 (base 5) in base 8?
2
What is -11 (base 12) in base 3?
-111
What is -1035 (base 6) in base 11?
-1a8
What is -1100001 (base 2) in base 6?
-241
What is 10 (base 2) in base 15?
2
-1 (base 14) to base 15
-1
What is -23 (base 7) in base 5?
-32
-10000 (base 2) to base 3
-121
What is 10 (base 3) in base 8?
3
What is 22 (base 12) in base 10?
26
Convert -101 (base 2) to base 10.
-5
Convert -282 (base 11) to base 4.
-11030
Convert -3 (base 11) to base 13.
-3
What is 9 (base 16) in base 2?
1001
What is 7 (base 13) in base 14?
7
Convert -82 (base 9) to base 3.
-2202
What is 0 (base 6) in base 3?
0
5 (base 14) to base 6
5
3 (base 16) to base 4
3
-1 (base 13) to base 16
-1
Convert -101 (base 6) to base 11.
-34
What is -420 (base 5) in base 16?
-6e
Convert a7 (base 16) to base 2.
10100111
What is -3 (base 12) in base 6?
-3
What is 169 (base 12) in base 8?
341
Convert -1 (base 8) to base 16.
-1
-2 (base 5) to base 9
-2
Convert -1a (base 11) to base 12.
-19
24 (base 9) to base 7
31
What is 18 (base 9) in base 8?
21
What is -3 (base 11) in base 3?
-10
120 (base 7) to base 2
111111
What is 6 (base 14) in base 10?
6
What is 0 (bas